= 4*t - g. Let x = t - -53. What is the units digit of x?
1
Suppose -3*h + 2*d - 4 = 0, -h - 13 = -4*d + d. Let w(k) = 0 + 4 - 3*k + h - 3. What is the tens digit of w(-3)?
1
Let g be (-30)/(-8) + (-3)/4. Suppose -g*q + 20 = 5*b, 2*b - 10 = -q - 2. What is the tens digit of (-147)/(-6) + 6/b?
2
Let h(z) = z**2 - 8*z - 8. Let k be h(7). Let o(x) = -x**3 + 16*x**2 + 16*x + 6. Let v be o(17). Let p = v - k. What is the units digit of p?
4
Let f(h) = 8*h + 119. What is the hundreds digit of f(20)?
2
Let x(d) = -d**3 + 5*d**2 + 6*d + 4. Let t be x(6). Suppose -t*o + 3*s + 3 = 0, 2*o - 4*s - 3 = -3*s. Suppose -21 = -o*h - 6. What is the units digit of h?
5
Let s(a) = -2*a**3 - 2*a**2 + 7*a + 5. What is the tens digit of s(-5)?
7
Let p be (-4)/6 - 34/(-6). Suppose -153 = -p*q + 777. Suppose 5*c - q = 3*h, -3*h + 129 = 3*c + h. What is the tens digit of c?
3
Let p(j) be the third derivative of j**5/20 - 7*j**4/24 - j**3/3 - 22*j**2. What is the units digit of p(5)?
8
Let k(h) = 2*h**2 - 27*h + 50. What is the hundreds digit of k(17)?
1
Let o = 6821 - 3402. What is the tens digit of o?
1
Let r(q) = q**3 - 8*q**2 + 8*q - 1. Let y be r(7). Let i be (y + 1)/((-12)/36). Let k = 50 + i. What is the tens digit of k?
2
Suppose 0 = 4*z + 67 + 85. What is the units digit of (z/8)/((-1)/12)?
7
Suppose 3*w = -2*w - b + 275, -w + 3*b = -55. Suppose w = -5*v - 5*i, 0*v + 2*v + 12 = -4*i. Let t = 40 + v. What is the units digit of t?
4
Let o = -13 - 35. What is the tens digit of (o/4)/(2/(-7))?
4
Let b(v) = -2*v**3 - 6*v**2 - 4*v - 6. Let l be b(-4). Let a(u) = u**2 - 6*u - 7. Let c be a(5). What is the units digit of (c/9)/((-4)/l)?
4
Suppose 6*j - 9 = 15*j. Suppose b - 9 = -2*b. What is the units digit of 22/b + j/3?
7
Suppose 20*d + 30 = 15*d. What is the hundreds digit of (44/d)/(1/(-15))?
1
Suppose q = -3*k + 4774, 0*k - 9 = 3*k. What is the units digit of q?
3
What is the tens digit of (-1 - 88/(-55)) + (-42114)/(-10)?
1
Let z be (-54)/(-12)*(-6)/(-3). Suppose -1537 = -z*b - 466. What is the units digit of b?
9
Suppose 2*c = -5*j + 8807, 6*c + 5281 = 3*j + 4*c. What is the hundreds digit of j?
7
Suppose 3*w - 45 = 4*t, 0*w + 5*w - 101 = -2*t. Let d = -15 + w. What is the units digit of (-69 - 7)*(-2)/d?
8
Let f be 4 + 5/((-15)/(-1038)). Suppose -c - 4*c = -f. Let i = c - 38. What is the tens digit of i?
3
Let g = 39 - 40. What is the hundreds digit of -1*g*2*302/4?
1
Suppose -7*m - 25 = -12*m. Let k = m + 1. What is the units digit of 20/k - (-1)/(-3)?
3
Let y(p) = 42*p - 7. Suppose 12*v - 65 = -v. What is the units digit of y(v)?
3
Suppose 3*h + 15 = 27. Suppose -h*a + 3 + 1 = 0. What is the tens digit of (-2)/a + (-140)/(-4)?
3
Let i = 8 - -46. Suppose -p + i = -0*p. Suppose 4*a = p + 34. What is the tens digit of a?
2
Let p = 9 - 2. Let z(m) = 13*m - 28. What is the tens digit of z(p)?
6
Let p(u) = -5*u. Let c be p(2). Let z be 2/7 + c/35. Suppose z*l - 3*i - 39 = -2*l, 4*l = -5*i + 111. What is the units digit of l?
4
Let q be (5*(-6)/(-90))/((-2)/(-666)). Let k = -36 + q. What is the tens digit of k?
7
Suppose -2*r - 2*h = r - 5801, 4*r + 5*h - 7744 = 0. What is the units digit of r?
1
What is the hundreds digit of 6/(-9)*(-1 + 2)*-441?
2
Let y = -35 - -40. What is the units digit of 2/y*(-4 + 5)*325?
0
Let a = -75 + 229. Let g = a - 94. Suppose 0 = 4*r - 7*r + g. What is the tens digit of r?
2
Let k(u) = -94*u**3 + 3*u**2 + 4*u + 2. What is the hundreds digit of k(-2)?
7
Suppose -13*p + 11*p = -8. Suppose 2*s + p*g = 16, 4*g = 4*s - 81 - 11. What is the units digit of s?
8
Suppose -t - 24523 = -5*a, 5*a - 494*t + 492*t - 24526 = 0. What is the thousands digit of a?
4
Let n = 48 - 37. Suppose 0*i = n*i - 44. What is the units digit of i?
4
Let p be 4*(-5)/(-10) - 2. Suppose 0 = -p*c - 3*c. Suppose -h - 1 = c, 4*q - h - 129 = 116. What is the tens digit of q?
6
Suppose 47 = -0*i - 5*i + b, -b = -2. Let w = 11 + i. Suppose 5*p = 5*n + 110, -p = -0*p + w*n - 31. What is the tens digit of p?
2
Suppose -6*s + 215 - 47 = 0. Let y = s + -6. What is the units digit of y?
2
Let m(r) = r**3 - 48*r**2 + 25*r - 120. What is the hundreds digit of m(48)?
0
Let o be ((-4)/(-12))/((-3)/(-9)). Suppose 0 = n + o - 3. Suppose 0 = 3*m - 2*m - n. What is the units digit of m?
2
Let z be 53/(-4) + (-7)/(-28). Let y = 82 - 53. Let s = z + y. What is the tens digit of s?
1
Suppose -692 = -3*k + 2*i + 2128, 4*i = -4*k + 3760. What is the tens digit of k?
4
Suppose 0 = 19*d - 24*d + 6750. What is the units digit of d?
0
Let o = 6 + -3. Let x = 509 - 500. What is the units digit of 59*3*o/x?
9
What is the units digit of (3 - 66/(-8))*(-9152)/(-22)?
0
Let a(t) = 2*t**3 - 4*t**2 - 10*t - 9. What is the units digit of a(5)?
1
Suppose -3*p + 2*f + 115 = 0, -5*p + 2*f = -91 - 102. What is the tens digit of p?
3
Let f = -1090 - -2077. What is the tens digit of f?
8
Suppose -315 = -4*t + 505. What is the tens digit of t?
0
Suppose 3*v + 3*j = -5 + 47, 0 = 2*v + 3*j - 27. Suppose -55 = 10*k - v*k. Let r = k - 1. What is the units digit of r?
0
Let i = -89 - -241. Let v = 248 - i. What is the units digit of v?
6
Let f(g) = 1 - 2 + 4 + g**2 + 1. Suppose -5*s - 2*x = x + 14, -3*x + 18 = -3*s. What is the tens digit of f(s)?
2
Let u(k) be the first derivative of k**2/2 + 3*k - 8. Let i be u(11). Let m = i + 5. What is the tens digit of m?
1
Suppose 16*o - 18*o = -1648. Suppose 2*q - 420 = -4*b, 0*q + o = 4*q + 4*b. What is the hundreds digit of q?
2
Let a(q) = 110*q**2 - 45*q - 132. What is the tens digit of a(-3)?
9
Suppose 0 = -3*u - 3*g, -2*u = u - 5*g - 24. Suppose u + 13 = 4*j. Let i = j + -2. What is the units digit of i?
2
Let m be (-16)/(-10) + (-2)/(-5). Suppose -3*g = -f - 4*g + m, -3*g + 10 = 5*f. What is the units digit of f?
2
Let j(q) = 14*q - 47*q - 8*q - 1 + 12. Let d be j(-5). Suppose 8*o - 4*o = d. What is the units digit of o?
4
Suppose -a - 4*a + 890 = -4*f, 178 = a + 3*f. Suppose 0 = 5*i - 2*q - 184, 10*i - 4*q - a = 5*i. What is the units digit of i?
8
Let w = -14 - -18. Let n(c) = 2*c - 4. Let z be n(3). Suppose 4*f = -3*j + 48, 5*j + z = -w*f + 82. What is the tens digit of j?
1
Suppose -p + 14 = -4*f, p = -0*p - 3*f + 7. Let x = 14 + p. Suppose 0*v - 3*v + x = 0. What is the units digit of v?
8
What is the thousands digit of 44328/32 - 4*1/16?
1
Let m be (2*219/3)/(1 + 1). Let k = m - 23. What is the units digit of k?
0
Suppose -4*n + 7 = -13, i - 149 = -4*n. Suppose 0 = 2*j - i - 237. What is the hundreds digit of j?
1
Let j = 1152 + -683. Let w = -154 + j. What is the units digit of w?
5
What is the tens digit of (604 - 1 - (-13 - -15)) + -5?
9
Let k be (-16)/(-9) - 2/(-9). Suppose 22*h + 105 = 17*h. What is the units digit of (-7)/h*(k + 1)?
1
Let j = -10 - -12. Let t(y) = 2*y**j - 4*y**2 + 2*y**2 + 2*y + y**2 - 6. What is the tens digit of t(-7)?
2
Suppose -22*t = -12*t - 1750. What is the tens digit of t?
7
Let t(h) be the first derivative of 5*h**3/3 - h**2 - h - 19. What is the units digit of t(3)?
8
Let i = -3694 - -5767. What is the hundreds digit of i?
0
Suppose -46*o + 151698 = 40102. What is the thousands digit of o?
2
Let f(p) = -p**2 + p - 4. Let v be f(4). Let g = 20 + v. What is the tens digit of (-2)/g - (-41)/2?
2
Suppose -z = -3*o + 2*z + 1026, -15 = -5*z. What is the hundreds digit of o?
3
Let p(o) = -9*o + 4. Let d = 7 - 17. What is the units digit of p(d)?
4
Let i be (-32)/12*1884/(-8). Suppose 24*x - 28*x = -i. What is the hundreds digit of x?
1
What is the units digit of (-747)/996*-89*36?
3
Suppose -2*j = -2*p + 52 + 778, p + j = 411. What is the hundreds digit of p?
4
Let s(u) = -67*u + 39. What is the units digit of s(-7)?
8
Let d(s) = 34*s**2 + 21*s - 71. What is the tens digit of d(5)?
8
Suppose 776*i - 767*i - 4059 = 0. What is the hundreds digit of i?
4
Let o(a) = -196*a - 1196. What is the tens digit of o(-18)?
3
Let o(m) be the second derivative of m**5/20 - m**4/2 - m**2/2 - 3*m. Let u be o(6). What is the units digit of u - (-1)/1*3?
2
Let s be -6*(3 - 7/3). Let m(b) = 3*b**2 - 4*b - 1. What is the tens digit of m(s)?
6
Let j(l) = 9*l - 2*l - 6*l + 3. Let m be j(7). What is the units digit of 645/m*4/6?
3
Suppose 3*f = 4*f - 13. Let b(m) = m + 7. Let c be b(f). Suppose 0 = 5*g - c - 10. What is the units digit of g?
6
Let c = -42